{"id":7,"date":"2022-02-02T11:42:20","date_gmt":"2022-02-02T10:42:20","guid":{"rendered":"http:\/\/asso-ovide.org\/?page_id=7"},"modified":"2023-02-14T14:36:37","modified_gmt":"2023-02-14T13:36:37","slug":"contact","status":"publish","type":"page","link":"https:\/\/asso-ovide.org\/index.php\/contact\/","title":{"rendered":"Nous contacter et nous aider"},"content":{"rendered":"\n<p>Si\u00e8ge Social : <\/p>\n\n\n\n<p>L&#8217;Ermitage<\/p>\n\n\n\n<p>1 route de Madame &#8211; D96<\/p>\n\n\n\n<p>77174 Villeneuve-le-Comte<\/p>\n\n\n\n<p>email : asso.ovide@gmail.com<\/p>\n\n\n\n<p>En adh\u00e9rent \u00e0 notre association (20\u20ac \/ an), vous serez inform\u00e9s de l&#8217;\u00e9volution des missions en cours et vous pourrez participer \u00e0 nos actions. <\/p>\n\n\n\n<p>Ci-dessous notre bulletin d&#8217;adh\u00e9sion. <\/p>\n\n\n\n<div data-wp-interactive=\"core\/file\" class=\"wp-block-file\"><object data-wp-bind--hidden=\"!state.hasPdfPreview\" hidden class=\"wp-block-file__embed\" data=\"https:\/\/asso-ovide.org\/wp-content\/uploads\/2023\/02\/OVIDE-Bulletin-dadhesion-2023.pdf\" type=\"application\/pdf\" style=\"width:100%;height:600px\" aria-label=\"Embed of OVIDE-Bulletin-dadhesion-2023.\"><\/object><a id=\"wp-block-file--media-d8081e92-0313-4ba0-8205-4abc6af64e7a\" href=\"https:\/\/asso-ovide.org\/wp-content\/uploads\/2023\/02\/OVIDE-Bulletin-dadhesion-2023.pdf\">OVIDE-Bulletin-dadhesion-2023<\/a><a href=\"https:\/\/asso-ovide.org\/wp-content\/uploads\/2023\/02\/OVIDE-Bulletin-dadhesion-2023.pdf\" class=\"wp-block-file__button wp-element-button\" download aria-describedby=\"wp-block-file--media-d8081e92-0313-4ba0-8205-4abc6af64e7a\">Download<\/a><\/div>\n\n\n\n<p>Vous souhaitez nous proposer votre aide concr\u00e8te ? Prendre un poste au bureau de l&#8217;association ? Parlons-en ! asso.ovide@gmail.com<\/p>\n","protected":false},"excerpt":{"rendered":"<p>Si\u00e8ge Social : L&#8217;Ermitage 1 route de Madame &#8211; D96 77174 Villeneuve-le-Comte email : asso.ovide@gmail.com En adh\u00e9rent \u00e0 notre association (20\u20ac \/ an), vous serez inform\u00e9s de l&#8217;\u00e9volution des missions en cours et vous pourrez participer \u00e0 nos actions. Ci-dessous notre bulletin d&#8217;adh\u00e9sion. Vous souhaitez nous proposer votre aide concr\u00e8te ? Prendre un poste au&hellip; <a class=\"more-link\" href=\"https:\/\/asso-ovide.org\/index.php\/contact\/\">Continue reading <span class=\"screen-reader-text\">Nous contacter et nous aider<\/span><\/a><\/p>\n","protected":false},"author":1,"featured_media":0,"parent":0,"menu_order":0,"comment_status":"closed","ping_status":"closed","template":"","meta":{"footnotes":""},"class_list":["post-7","page","type-page","status-publish","hentry","entry"],"_links":{"self":[{"href":"https:\/\/asso-ovide.org\/index.php\/wp-json\/wp\/v2\/pages\/7","targetHints":{"allow":["GET"]}}],"collection":[{"href":"https:\/\/asso-ovide.org\/index.php\/wp-json\/wp\/v2\/pages"}],"about":[{"href":"https:\/\/asso-ovide.org\/index.php\/wp-json\/wp\/v2\/types\/page"}],"author":[{"embeddable":true,"href":"https:\/\/asso-ovide.org\/index.php\/wp-json\/wp\/v2\/users\/1"}],"replies":[{"embeddable":true,"href":"https:\/\/asso-ovide.org\/index.php\/wp-json\/wp\/v2\/comments?post=7"}],"version-history":[{"count":7,"href":"https:\/\/asso-ovide.org\/index.php\/wp-json\/wp\/v2\/pages\/7\/revisions"}],"predecessor-version":[{"id":171,"href":"https:\/\/asso-ovide.org\/index.php\/wp-json\/wp\/v2\/pages\/7\/revisions\/171"}],"wp:attachment":[{"href":"https:\/\/asso-ovide.org\/index.php\/wp-json\/wp\/v2\/media?parent=7"}],"curies":[{"name":"wp","href":"https:\/\/api.w.org\/{rel}","templated":true}]}}